(j) = 49945*j**2 - 6150*j - 49946*j**2 + 10 + 6141*j. What is k(q)?
0
Let c(r) = -65*r**2 - 123*r + 6. Let m be c(-2). Let l(p) = -25*p - 194. Calculate l(m).
6
Let x(n) = -3*n**2 + 8*n - 5. Let d be (9 + (-187)/22)*6. Determine x(d).
-8
Let d(n) = 657*n - 655*n - 4 - 3. Suppose -6*r + 14*r - 40 = 0. What is d(r)?
3
Let i = -207 + 183. Let d(x) = x**3 + 25*x**2 + 26*x + 57. Let a be d(i). Let z(l) = l**3 - 9*l**2 - 3*l - 13. Determine z(a).
-40
Let m(f) = -f - 11. Suppose -13*o = -9*o - 200. Suppose -o = 5*c + 2*n, 5*n - 15 = 6*c - c. Give m(c).
-3
Let o(v) = -v**2 + v. Let u be o(-1). Let k be (-54)/(18 - 9)*(-2)/4. Let w be ((-14)/u)/(2 - k). Let c(d) = d**3 + 8*d**2 + 8*d + 4. Calculate c(w).
-3
Let k(i) be the third derivative of -i**6/120 + i**5/30 + 7*i**4/12 + i**3/6 + 2303*i**2. Determine k(5).
-4
Let b(s) = -2*s + 30. Let v(l) = -5*l + 56. Let o(q) = 8*b(q) - 3*v(q). Give o(67).
5
Let r(o) = -o**3 + o**2 - 3*o + 1. Let g be (-6)/4*8/6 + -28. Let z = 31 + g. Let u be (1 + -3)/(2 + z - 4). Give r(u).
-9
Let g(d) = 15*d**2 + 18*d - 56. Let w be g(3). Let a(c) = 132*c**3 - w*c**3 + 6*c - 4 + 4*c**2 - 4. What is a(5)?
-3
Suppose -2*z = 3*w - 4, 2*z + 2*w - 2 = z. Let v(s) = -s**3 + 0*s**2 - 34 - s + 37 + 7*s**2 - s**z. What is v(6)?
-3
Let p(w) = -w**2 + 4*w + 2. Let z(h) = -2*h**2 - 1. Let n(y) = -p(y) + 2*z(y). What is n(-1)?
-3
Let g(t) = 17*t**2 - 14*t - 4. Let f(p) = -30*p**2 + 26*p + 8. Let j(r) = 3*f(r) + 5*g(r). What is j(3)?
-17
Let r(c) = 2*c**2 + c + 2. Let j be (-2)/(3 + (-122)/38)*2. Suppose 0 = -v - n + 5, -5*v + 3*n = 6*n - j. What is r(v)?
12
Let m(p) = -3*p + 5. Let i be m(-4). Suppose 0 = a + 15 - i. Let b(u) = 9 - a*u - 12 + 3*u. Calculate b(7).
4
Let f(p) = p**3 + p**2 - 2*p. Suppose 0 = 3*w + 12, 5*c - 308 = -0*w - 3*w. Let q be ((-3)/2 - 1)*c/(-20). Let g be (q/(-10))/((-10)/25). Determine f(g).
8
Let s be (7/(-2) + 0)*6/3. Let y(t) = 3 - t + 0 + 4 - 11. Determine y(s).
3
Let t(h) be the second derivative of -h**3/3 + 55*h**2/2 - 61*h - 1. Calculate t(12).
31
Let n(a) be the second derivative of -a**8/420 - a**7/1260 + a**6/720 - 5*a**4/3 - a**2/2 - 19*a + 2. Let c(m) be the third derivative of n(m). What is c(1)?
-17
Suppose 3*y + 111*t = 118*t - 46, 3*y + 32 = 5*t. Let n(m) = 11*m**2 + 7*m - 6. Give n(y).
12
Let q(o) be the first derivative of 11*o**2 - 4*o - 62. Let a be q(0). Let c(j) = -4*j - 4. Calculate c(a).
12
Suppose 338 = -7*q + 93. Let g be 10/q + 9/7. Let i(x) = 5*x**3 + x. Determine i(g).
6
Let a(x) = -217 + 2*x - 14*x + 504 + x**2 - 254. Calculate a(6).
-3
Let s(c) = -c + 7. Suppose -a + 4*l = -8, -12*a + 8*a = 5*l - 11. Suppose 2*r - a*r + 12 = 0. What is s(r)?
1
Let f(c) = 3*c**2 + 149 - 7*c**2 - 6*c**2 + 9*c**2 - 32. Determine f(0).
117
Suppose 0 = -4*z + 24 - 32. Let o(m) = -6*m**2 + 5*m. Give o(z).
-34
Let x be 2/(-31) - (-20580)/1860. Let w(r) = r**3 - 16*r**2 + 56*r - 14. Give w(x).
-3
Let m(u) = 8*u**2 + 20*u - 19. Let s = 8801 - 8800. Give m(s).
9
Let p(v) = -v**3 - 9*v**2 - 10*v + 5. Let r(s) = s**3 + 3*s**2 - 15*s - 51. Let j be r(-4). What is p(j)?
-23
Let f(g) be the second derivative of g**3/6 - 2*g**2 - 313*g - 1. Let z be (-2)/3 + (-28)/(-6). Suppose 7 - 19 = -z*i. Calculate f(i).
-1
Let m be ((-15)/2)/(33/(-22)). Suppose m*h - 5 = 5*s, 2*s = 2*h - 2*s. Let r(x) = -3*x**3 + 0*x**3 + h*x**3 - x - 8*x**3 - 2*x**2. Calculate r(-1).
8
Let d(o) = 163 - 83 - 5*o - 21*o**2 + 17*o**2 - 43*o**2 - 75. Give d(1).
-47
Let a(v) = 8*v. Let f(l) be the third derivative of l**5/60 - 5*l**4/24 + 2*l**3/3 + l**2. Let z be ((-504)/(-45) + -12)*5/(-2). Let q be f(z). Calculate a(q).
-16
Let c(i) = i**3 - 4*i**2 + 8*i - 62. Let x(u) = 4*u**2 + 88*u + 473. Let q be x(-9). Give c(q).
3
Let o(y) = -y**3 + 44*y**2 + 3*y - 134. Let d be o(44). Let s(l) = 1. Let r(p) = p - 5. Let a(q) = 4*r(q) + 22*s(q). What is a(d)?
-6
Suppose -4*j = -5*a + 68, -5*j + 10*j - a = -64. Let q be (-6)/2*8/j. Let d(f) = 23 - f - q*f**3 - 25 - 2*f**3 + 2*f**3. Give d(2).
-20
Let h(a) = 2*a**3 + a**2 - 6*a - 4. Let b be h(-2). Let z(j) = -3*j**2 + 9*j + 11. Let x(c) = -c**2 + 5*c + 5. Let q(y) = 5*x(y) - 2*z(y). Determine q(b).
-9
Suppose 0 = -8*r + 17*r - 9. Let j(i) = -4 - i - i - 26 + r + 0. Give j(-15).
1
Let x(c) = 24*c - 275. Let r be x(11). Let z(a) = -a**2 - 11*a + 10. Let y(d) = d**2 + 11*d - 9. Let o(j) = 5*y(j) + 6*z(j). Give o(r).
15
Suppose 3*a - 12 = -3*j, -4*j - 2 = 24*a - 26*a. Let n(y) = -26*y + 4. Determine n(a).
-74
Let q(c) = 2*c**2 - 7*c + 4. Let n be -4 + ((-16)/(-12) - 185/(-3)). Suppose -23*l + n = -33. Give q(l).
8
Let a = -20 + 22. Suppose x = -a*i - 16, -x + 8 = -i + x. Let g(v) be the third derivative of v**5/60 + v**4/3 + 5*v**3/3 - 15*v**2. What is g(i)?
10
Let x(p) = 6*p - 12. Let q(j) = -8*j + 13. Let l(g) = -4*q(g) - 6*x(g). Let c(y) = 2*y - 9. Let u(s) = 13*c(s) + 6*l(s). Determine u(-2).
-1
Let u(d) = d**2 + 5*d + 7. Let r be ((-21 + 16)*2)/2. Determine u(r).
7
Let i be 9*(1 + 4/(-6)). Let d = -85 - -86. Let q(o) = -6*o**2 + 3*o**2 + 2*o + d + o**2. Calculate q(i).
-11
Let l = -1 + -8. Let x(b) be the first derivative of b**4/12 + 7*b**3/6 - 6*b**2 - 315*b + 43. Let o(q) be the first derivative of x(q). Give o(l).
6
Let p be (-30)/(-4) + (-6)/(-4). Let s(v) = 0*v**2 - 2*v + 2*v + 7*v + v**2 + p. Suppose 0 = -c + 2*o - 4, -19 = 4*c - 2*o - 3*o. Calculate s(c).
3
Let v(y) = 13*y**2 - 105*y - 93. Let z(u) = -6*u**2 + 45*u + 45. Let x(g) = 4*v(g) + 9*z(g). Give x(2).
-5
Let j(z) = z - 2 - 2*z + z**2 - 5. Let y be (-134)/(-32) + ((-4403)/272 - -16). Give j(y).
5
Let o(l) = l**3 + 27*l**2 + 52*l + 51. Let h(p) = 75*p + 200. Let q be h(-3). Calculate o(q).
1
Let k(g) be the second derivative of -2*g**5/5 + g**3/6 - 3*g**2/2 + 381*g. Give k(2).
-65
Let p(h) = 5*h - 11. Let j be (2/(-1) - -3) + 9*(-5)/5. Calculate p(j).
-51
Let r(f) = -2*f**2 + 3*f - 4. Let y(s) = -2*s + 3. Let k be y(0). Suppose -1 = o + 2*q, 2*o - k*q - 34 = 2*q. Let l = o + -4. What is r(l)?
-13
Let h(i) = -i**3 - 5*i**2 + 6*i + 2. Let s(y) = y**2 - y. Let a(w) = h(w) + 2*s(w). Let g = -236 + 233. Give a(g).
-10
Suppose -6 = 10*v - 7*v. Let q(s) = 6*s - 2. Let h(x) be the second derivative of 8*x**3/3 - 3*x**2 - 2*x + 14. Let p(z) = -6*h(z) + 17*q(z). What is p(v)?
-10
Suppose 11*w + k + 3 = 13*w, -2*w + 4*k = 6. Let f(v) be the second derivative of 1/3*v**3 + 0 + 1/2*v**2 - 2*v. Determine f(w).
7
Let w(b) = -69*b**2 - 54*b + 219. Let u(d) = 43*d**2 + 36*d - 146. Let p(c) = -8*u(c) - 5*w(c). Give p(13).
8
Let a(n) = n**2 + 13*n + 43. Let r(o) = -o**2 - 13*o - 39. Let w(u) = -5*a(u) - 6*r(u). Determine w(-8).
-21
Let p(y) = -2*y**3 + 4*y + 2. Suppose -d - 107 = 99 - 205. What is p(d)?
0
Let t(y) = y**3 - 5*y**2 - 23*y + 45. Let m be t(7). Let o(n) = -n**3 + n - 1. Let q(z) = 19*z**2 + 18*z - 23. Let c(j) = o(j) - q(j). Calculate c(m).
4
Let d(i) = -2. Let u(j) = 6*j**2 - j - 21. Let q(o) = 7*o**2 - o - 21. Let s(l) = -5*q(l) + 6*u(l). Let w(m) = -6*d(m) + s(m). What is w(4)?
3
Let v(z) = -10*z**3 - 21*z**2 - 21*z - 8. Let f(b) = 3*b**3 + 7*b**2 + 7*b + 3. Suppose 764*m + 7 = 765*m. Let r(y) = m*f(y) + 2*v(y). Calculate r(-6).
-1
Let t(y) be the second derivative of 5*y**5/2 - y**4/12 - y**3/3 - y**2 + 946*y. What is t(-1)?
-51
Let d(y) = -y**2 + 8*y - 5. Let q(j) = j**2 - 9*j + 4 + 2 + 0. Let n = 3441 + -3445. Let t(r) = n*q(r) - 5*d(r). Give t(5).
6
Let c(o) be the first derivative of o**2 + o + 297. Let q(f) = f**3 - 2*f**2 - 3. Let d be q(3). Let g be 9/(-54) - 5/d. Determine c(g).
-1
Suppose 5*d - 40 = -5*f, -3*d - 5*f + 0 = -24. Let y(z) = -22*z + d*z + 13*z - 4 + 4*z. Give y(-6).
-22
Suppose 108*g - 3*g = 7*g - 686. Let a(m) = -2*m**3 - 17*m**2 - 22*m - 13. Calculate a(g).
-6
Let z(u) = 2*u + 10 + 0*u - 3. Let t = -1813 + 1806. Calculate z(t).
-7
Let v(b) = -b**2 + 16*b + 81. Let u be v(20). Let t(q) = -u + q - 7*q**2 - 11*q**2 + 0*q + 9*q**2. Calculate t(1).
-9
Let n(p) = p**2 + 9*p + 6. Suppose -4*x + 9*x - 2*i = -202, 5*x - 5*i = -190. Let f be x/12*(1 - -1). Calculate n(f).
-8
Let r(m) be the second derivative of -1/6*m**3 - m + 0 - 3*m**2. Let p be ((-22550)/(-287))/55 + 1*30/(-21). Determine r(p).
-6
Let z(c) be the second derivative of 0 - 1/2*c**3 - 1/12*c**4 + 2*c**2 + 4*c. Let d(a) = a**3 + 43*a**2 - 6*a - 261. Let r be 